861961 a prime number?
True
Is 1673 a prime number?
False
Is 349079 prime?
True
Is 5771 prime?
False
Is 357121 prime?
False
Is 15229 prime?
False
Is 68331 a composite number?
True
Is 3634765 a prime number?
False
Is 151163 a prime number?
True
Is 451 a prime number?
False
Is 866819 a prime number?
True
Is 79657 composite?
False
Is 22291 a prime number?
True
Is 51349 a prime number?
True
Is 79031 a composite number?
False
Is 33133 a prime number?
False
Is 7749133 a composite number?
True
Is 817421 a prime number?
False
Is 274 a prime number?
False
Is 14987 a composite number?
True
Is 7045 a prime number?
False
Is 15601 composite?
False
Is 8347 composite?
True
Is 44413 prime?
False
Is 465889 composite?
True
Is 1199539 prime?
False
Is 917 a composite number?
True
Is 314257 composite?
False
Is 174781 a prime number?
False
Is 611821 prime?
False
Is 1471 a composite number?
False
Is 4861 a prime number?
True
Is 13327 composite?
False
Is 2819 a composite number?
False
Is 32811 prime?
False
Is 83117 composite?
False
Is 902117 a composite number?
True
Is 470489 prime?
True
Is 22233 composite?
True
Is 30449 a prime number?
True
Is 211813 a composite number?
True
Is 277969 a composite number?
True
Is 67765 composite?
True
Is 466951 prime?
True
Is 3108893 composite?
False
Is 100591 composite?
False
Is 40459 a composite number?
False
Is 337153 a composite number?
False
Is 7039 composite?
False
Is 96643 a prime number?
True
Is 389 prime?
True
Is 72859 composite?
False
Is 174347 prime?
True
Is 389843 a prime number?
False
Is 1939033 a prime number?
True
Is 5184687 composite?
True
Is 6769 prime?
False
Is 13087 a prime number?
False
Is 2149 composite?
True
Is 751481 a prime number?
True
Is 61727 prime?
False
Is 27167 a composite number?
True
Is 7411 a composite number?
False
Is 356441 a prime number?
True
Is 1777 composite?
False
Is 941 a prime number?
True
Is 21011 a composite number?
False
Is 49303 a composite number?
True
Is 5759 a composite number?
True
Is 120949 composite?
True
Is 90353 prime?
True
Is 25985 a prime number?
False
Is 145577 a composite number?
False
Is 5501 a prime number?
True
Is 5737115 a prime number?
False
Is 464647 a composite number?
False
Is 3691 composite?
False
Is 2836481 a composite number?
False
Is 283211 composite?
False
Is 12311 a prime number?
False
Is 4139 a composite number?
False
Is 502669 a prime number?
True
Is 10561 composite?
True
Is 380407 a prime number?
False
Is 86947 prime?
False
Is 338901 composite?
True
Is 3481 a composite number?
True
Is 21799 a composite number?
False
Is 46789 prime?
False
Is 111745 prime?
False
Is 8197 a composite number?
True
Is 1776485 prime?
False
Is 34373 prime?
False
Is 187366 composite?
True
Is 27719 a prime number?
False
Is 188579 a prime number?
True
Is 62407 a composite number?
True
Is 51713 prime?
True
Is 576679 composite?
True
Is 16973 a prime number?
False
Is 2747 a prime number?
False
Is 104623 a prime number?
True
Is 15055 a composite number?
True
Is 770347 prime?
False
Is 609979 prime?
True
Is 36131 a composite number?
False
Is 3683 prime?
False
Is 1883341 a composite number?
False
Is 63521 a prime number?
True
Is 142 a composite number?
True
Is 34027 composite?
True
Is 5147 a prime number?
True
Is 66289 a prime number?
False
Is 98557 composite?
True
Is 99859 a composite number?
False
Is 1819 composite?
True
Is 26797 composite?
True
Is 45082 prime?
False
Is 50741 composite?
False
Is 20089 composite?
False
Is 635079 a composite number?
True
Is 500951 a prime number?
False
Is 852181 a composite number?
True
Is 28759 a composite number?
False
Is 252679 a prime number?
False
Is 214939 a prime number?
True
Is 29123 composite?
False
Is 11053 composite?
True
Is 71843 prime?
True
Is 15559 composite?
False
Is 8077 composite?
True
Is 7465 composite?
True
Is 11657 prime?
True
Is 73121 prime?
True
Is 27143 a prime number?
True
Is 105371 a prime number?
False
Is 1249 a prime number?
True
Is 108457 a composite number?
False
Is 65827 a prime number?
True
Is 285173 composite?
True
Is 13901 prime?
True
Is 12151 prime?
False
Is 3389 composite?
False
Is 403223 a prime number?
False
Is 28537 prime?
True
Is 16673 a prime number?
True
Is 58657 prime?
True
Is 10499 a prime number?
True
Is 286453 prime?
True
Is 14077 a prime number?
False
Is 50069 a composite number?
False
Is 7039 prime?
True
Is 8861 composite?
False
Is 452857 a prime number?
True
Is 737 prime?
False
Is 20873 prime?
True
Is 272117 composite?
True
Is 1333919 a prime number?
True
Is 82549 composite?
False
Is 751 prime?
True
Is 1789023 composite?
True
Is 15469 a composite number?
True
Is 2843 prime?
True
Is 1523 a prime number?
True
Is 9199 a composite number?
False
Is 1213 a prime number?
True
Is 190607 prime?
True
Is 1293659 a prime number?
True
Is 151729 a composite number?
False
Is 4053851 a prime number?
True
Is 230363 composite?
True
Is 702001 a composite number?
True
Is 70051 a prime number?
True
Is 223 a prime number?
True
Is 3389 composite?
False
Is 657731 prime?
False
Is 127 a prime number?
True
Is 1054091 a composite number?
False
Is 32405 a composite number?
True
Is 90419 a prime number?
False
Is 1081 a prime number?
False
Is 207811 a prime number?
True
Is 12434 composite?
True
Is 106423 composite?
True
Is 21313 a composite number?
False
Is 17821 composite?
True
Is 279659 prime?
True
Is 3170459 a composite number?
False
Is 3378979 a composite number?
True
Is 7057 a prime number?
True
Is 3687 prime?
False
Is 2309 a composite number?
False
Is 5793 composite?
True
Is 25255 a prime number?
False
Is 10357 composite?
False
Is 64553 composite?
False
Is 1901 a composite number?
False
Is 5508183 prime?
False
Is 15877 a prime number?
True
Is 14699 prime?
True
Is 4987 prime?
True
Is 38813 composite?
True
Is 39683 prime?
False
Is 1995407 a composite number?
True
Is 173773 prime?
True
Is 254857 composite?
False
Is 3407 composite?
False
Is 131007 prime?
False
Is 251 prime?
True
Is 7394 prime?
False
Is 435677 a composite number?
True
Is 3582343 prime?
True
Is 17707 composite?
False
Is 14813 composite?
False
Is 801994 prime?
False
Is 27299 composite?
False
Is 3761 composite?
False
Is 37691 a prime number?
True
Is 85867 a prime number?
False
Is 45233 a composite number?
False
Is 2335 a composite number?
True
Is 1707113 a prime number?
True
Is 90113 a composite number?
True
Is 9727 prime?
False
Is 20171 a prime number?
False
Is 20053 a composite number?
True
Is 20477 composite?
False
Is 217627 a prime number?
False
Is 22109 a composite number?
False
Is 167345 composite?
True
Is 1497949 composite?
False
Is 541 prime?
True
Is 32773 a prime number?
False
Is 284293 prime?
True
Is 167135 a prime number?
False
Is 327533 a composite number?
True
Is 105817 a composite number?
False
Is 277409 a prime number?
False
Is 80111 composite?
False
Is 22843 a prime number?
False
Is 370993 prime?
False
Is 25577 prime?
True
Is 250771 prime?
False
Is 13157 composite?
True
Is 5849 composite?
False
Is 526531 composite?
False
Is 22226 a composite number?
True
Is 26582 a composite number?
True
Is 5381 a prime number?
True
Is 361689 a prime number?
False
Is 1081 composite?
True
Is 66559 a prime number?
False
Is 7507 composite?
False
Is 40783 prime?
False
Is 2166053 a prime number?
True
Is 45403 a composite number?
False
Is 133153 a composite number?
False
Is 9601 a prime number?
True
Is 10627 composite?
False
Is 273737 composite?
True
Is 62459 composite?
False
Is 7909 a composite number?
True
Is 14143 prime?
True
Is 157103 prime?
True
Is 6803 a composite number?
False
Is 3337 a composite number?
True
Is 8851 a composite number?
True
Is 58243 a composite number?
False
Is 99685 a prime number?
False
Is 28657 composite?
False
Is 34123 prime?
True
Is 62383 a prime number?
True
Is 122651 a composite number?
False
Is 82381 a prime number?
False
Is 554849 prime?
True
Is 43023 prime?
False
Is 25291 composite?
True
Is 32869 composite?
False
Is 3343 a composite number?
False
Is 191669 prime?
True
Is 972887 a prime number?
True
Is 173669 a prime number?
True
Is 1404695 a composite number?
True
Is 133883 composite?
True
Is 394897 a prime number?
True
Is 389 composite?
False
Is 305209 a prime number?
True
Is 21869 a prime number?
False
Is 2885917 a composite number?
False
Is 139